 is the units digit of k(b)?
1
Suppose -4*q + 130 = -3*i + 17809, 5*q = 5*i - 22105. Let f be q/54 - 4/18. Let r = f + 115. What is the units digit of r?
3
Let z(m) = -m**2 + 13*m - 22. Let q be z(11). Suppose q*b + b = 35. What is the tens digit of b?
3
Let z = 1854 - 1034. What is the tens digit of z?
2
Let f = 18 - 13. Suppose -f*w = -2*b - 4*w + 27, w - 50 = -5*b. Let j = b - 9. What is the units digit of j?
2
Let j = -261 + 348. What is the units digit of j?
7
What is the tens digit of (-18884)/(-52) + (-14)/91?
6
Let n(c) = -c - 4. Let h be n(-12). Let v(u) = -u**3 + 7*u**2 + 6*u + 9. Let g be v(h). Let l = g + 22. What is the tens digit of l?
1
Suppose -5*i - 2*d + 4415 = 0, -3*d - 1177 - 3213 = -5*i. What is the hundreds digit of i?
8
Let w(s) = 2*s**3 - 3*s**2 - s + 10. What is the hundreds digit of w(5)?
1
Let h be ((-6)/15)/(-1)*145. Let p = -39 + h. What is the tens digit of p?
1
Let g = 1411 - -43. What is the hundreds digit of g?
4
Let i(j) = -431*j - 614. What is the hundreds digit of i(-8)?
8
Let q(u) = -u**2 - 10*u - 7. Let k be q(-9). Let z be 1/k + (-95)/(-2). Let g = 70 - z. What is the units digit of g?
2
Let i(b) = b**3 - 2*b**2 - 3*b. Let l be i(4). Let u(j) = l - j**2 + 7*j - 2*j - 7*j. What is the tens digit of u(0)?
2
Let x = 2105 + -1677. What is the hundreds digit of x?
4
Let j = 14 - 8. Suppose -6*r = -5*r - j. What is the units digit of r?
6
Suppose 0 = i - 4*g - 2221, -13*i = -16*i - 4*g + 6599. What is the thousands digit of i?
2
Let w be (0 - 4)*1/(-4). What is the tens digit of ((-78)/18)/(w/(-3))?
1
Suppose -2*l + 3*d = -100, -l + d + 60 = -3*d. Suppose -2*v + l = -0*v - 4*o, 5*v - 3*o - 138 = 0. What is the units digit of v?
0
Let k(p) = 220*p - 1. What is the units digit of k(1)?
9
Suppose 0 = 33*o - 29*o - 828. What is the hundreds digit of o?
2
Suppose 90 = 23*c - 18*c. What is the tens digit of 4910/c - 56/(-252)?
7
Let z(x) = 10*x**3 - 58*x + 7. What is the hundreds digit of z(7)?
0
Let z(k) = -k**2 - 7*k + 4. Let s be z(-7). Suppose -l + 330 = s*l. What is the tens digit of l?
6
Let q = 40 + -85. Let b be (72/q)/((-2)/(-5)). What is the tens digit of (-3 + -48)*b/6?
3
Let k(q) = -q**3 - 3*q**2 + q. Let p be k(-2). Let u(t) = t**3 + 7*t**2 - 5*t - 4. Let a be u(p). Suppose a = m + m. What is the units digit of m?
1
Suppose -2*u + v + 1615 + 4231 = 0, 0 = 3*u - 3*v - 8769. What is the hundreds digit of u?
9
Let q = -45 + 79. Suppose 3*m = -5*r - 389, -m - m + r = 268. What is the units digit of 3/(m/q - -4)?
4
Suppose -10*h = -3413 - 477. What is the tens digit of h?
8
Suppose -3*i + 1 = 2*p - 6, 2*i - 8 = -3*p. Suppose 0 = m + p*o - 52, -2*m = m + 2*o - 164. What is the units digit of m?
6
Suppose -3 = -p + 2*p. Let q(z) = 2*z - 31. Let x be q(16). What is the units digit of x/3*(3 - p)?
2
Suppose 847*t - 690 = 841*t. What is the tens digit of t?
1
Suppose -3*s + 3 = 3*t - 822, 0 = -2*t + s + 559. What is the tens digit of t?
7
Suppose 0 = -2*h + 12 - 2. Suppose 3*m + h = -4. Let g = 7 + m. What is the units digit of g?
4
Let z = 1084 + -294. Suppose 11*f = 6*f + z. What is the hundreds digit of f?
1
Let l be (8/6)/(18/27). Let w = l - -78. What is the tens digit of w?
8
Let i = 86 - -479. Suppose -2*y + 3*y - 130 = 3*l, 0 = 4*y + 3*l - i. What is the units digit of y?
9
Let g be (7 + -5)*2/(-4). Let d be -8*(-1 + g/(-2)). What is the units digit of (-2)/d + (-969)/(-34)?
8
Let d = 920 - 522. What is the units digit of d?
8
Let v(n) = -n**3 - n**2. Let x(t) = -6*t**3 + 11*t**2 + 3*t - 13. Let u be (-1)/5 - (-24)/(-5). Let w(p) = u*v(p) + x(p). What is the tens digit of w(16)?
3
Let v(g) = -25*g - 17. Let z be v(-14). Suppose 5*y - 17 = 3. Suppose z = 4*k - 3*s, -y*k + s - 6*s = -309. What is the units digit of k?
1
Let k = -771 - 13. Let x = 1115 + k. What is the hundreds digit of x?
3
Suppose -19*p + 17*p = 84. What is the units digit of p/(-28)*(-160)/(-6)?
0
Suppose -r + 708 = -3531. What is the units digit of r?
9
Suppose 29*p - 1028 = 28*p. What is the thousands digit of p?
1
Let u be (-22)/(-143) + 100/26. Suppose 0 = -5*p + u*p + 36. What is the tens digit of (-178)/(-12) - (-6)/p?
1
Let d be (-2 + 190)*((-7)/14 + -4). What is the tens digit of 5/(-25) + d/(-5)?
6
Suppose -d - 13 = -4. Let r be (-30)/d*(-3)/2. What is the tens digit of (-48)/r*(-50)/(-15)?
3
Suppose 0 = 4*t + 3*u - 22, -6 - 17 = -3*t + u. Let y = -16 - -127. Suppose -y = -4*v - t. What is the units digit of v?
6
Suppose 17328 = 5*j + 4*z, 0*j = -3*j + 4*z + 10416. What is the thousands digit of j?
3
Let p(l) = l**2 - 6*l + 8. Let f be p(5). Let a(d) = -1 + 34*d - 36*d + 5*d**3 + 3*d**2 + 1 + f. What is the tens digit of a(2)?
5
Let d(p) = -p**2 - 7*p - 12. Let b be d(-5). What is the tens digit of b/(-14)*-2 - (-338)/7?
4
Suppose 15*d - 18*d = 0. Suppose 8*b + d*b = 1424. What is the units digit of b?
8
Suppose 143*m - 135*m = 29464. What is the units digit of m?
3
Let f = -37 - -38. Let d(s) be the second derivative of 11*s**4/6 + s**3/3 - s**2/2 - s. What is the units digit of d(f)?
3
Suppose 0 = -4*u - 1070 + 2862. What is the units digit of u?
8
Let s(n) = n**3 + 3*n**2 + 7*n + 8. Let d be s(6). Suppose -224 = -3*y - 2*k, 0*k = -5*y - 4*k + d. Suppose y = 4*p + 6. What is the tens digit of p?
1
Let q(g) = 38*g - 15. Let m be q(-8). Let s = 505 + m. What is the units digit of s?
6
Suppose -5*r - 8 = 12. Let a be (-2 - r)/(-4 - -2). What is the tens digit of (2/4)/a*-38?
1
Suppose -3*i = -i - 616. Let q = 220 - i. What is the units digit of 3/(-2)*q/6?
2
Let j(p) = 3*p - 43. Let n be j(-15). Let z = n - -310. What is the units digit of z?
2
Let u(k) = -k - 2. Suppose 0*m - 2*m - 92 = 0. Let o = 32 + m. What is the tens digit of u(o)?
1
Let k = -25 + 40. Let x(q) = 0*q - k*q - 8*q - 2. What is the units digit of x(-1)?
1
Let n(o) = -o**2 - 6*o - 2. Let d = 9 - 15. Let i be n(d). Let k = i - -8. What is the units digit of k?
6
Suppose -f + 1 = 0, 3*w + f = 31 + 165. Suppose -w = -5*o + 3*c, 3*o + c = 2*o + 13. What is the tens digit of o?
1
Let s = -5 - -7. Suppose d = s - 4. Let g = d + 8. What is the units digit of g?
6
Let m = 1130 - -193. What is the hundreds digit of m?
3
Suppose -4*o + 551 = 43. Let d = -25 + o. What is the hundreds digit of d?
1
Suppose 3*t - 3663 = -4*p, -2*p - 4906 = -4*t - 0*t. What is the thousands digit of t?
1
Let z(t) = 2*t**2 - 1. Let c = -4 + 12. Suppose 7*u - c*u = -1. What is the units digit of z(u)?
1
Suppose 0 = 3*j - b - 642, j + 4*b + 428 = 3*j. What is the tens digit of j?
1
Let f(d) = -d**3 - 2*d**2 + 3*d + 963. What is the hundreds digit of f(0)?
9
What is the thousands digit of -4 - (-6051)/1 - -11?
6
Suppose -3*s - 3*k = -4*k + 44, 0 = -s - 2*k - 10. Let h = s - -26. What is the units digit of h?
2
Suppose -102 = -9*d + 6*d. Let q = 47 - d. What is the units digit of q?
3
Suppose 0 = -4*h + 2*o + 28, -4*o - o = -5*h + 40. What is the units digit of (-2)/h*(-20 - 10)?
0
Let i be -2 + (-3 - -2 - -2). Let f = i - -2. Suppose -19 - f = -r. What is the tens digit of r?
2
Let h = 11 + -4. Suppose -h*m = -155 - 48. What is the tens digit of m?
2
Let y = -8 - -11. Let k(z) = -2*z + 0 - 2 + y. What is the units digit of k(-5)?
1
Suppose -2 = -g, -4*o + 8*g + 934 = 3*g. What is the hundreds digit of o?
2
Suppose -2*f - 4320 = -3*k, 8*k - 5*f + 2899 = 10*k. What is the tens digit of k?
4
Let o = -1298 - -3257. What is the thousands digit of o?
1
Let q(f) = -f - 2. Let z be q(-3). What is the units digit of (46 - -4) + 4 + z*3?
7
What is the tens digit of 18360/17*16/20*4?
5
Suppose -3*s + 5003 = -6481. What is the tens digit of s?
2
Let w(x) be the second derivative of 39*x**3/2 - 3*x. What is the units digit of w(1)?
7
Let q(z) = -z**2 - 3 - 2*z + 3 + 10 - 13*z. What is the units digit of q(-9)?
4
Let y(q) = q**2 + 4*q + 29. Let a be y(-15). Let l = a + -94. What is the tens digit of l?
0
Suppose -24 = -7*h + 4. Suppose s - 79 = -x - 3*s, -h*x + 5*s = -295. What is the tens digit of x?
7
Let f = 50 + -50. Suppose -2*t = -5*k - 40, 5*t - 5*k - 24 - 61 = f. What is the tens digit of t?
1
Let w = 2370 - -1125. What is the tens digit of w?
9
Suppose -u = -3*w - 54, 72 = -4*w - 0*u - 2*u. What is the tens digit of 1/3 + (-1794)/w?
0
Let o(d) be the second derivative of d**5/20 - d**3/2 - d**2 - 7